e greatest common divisor of 580 and o?
20
Suppose -413 + 1213 = 5*j. Let p(b) = -b**2 - 299*b + 3506. Let n be p(11). Calculate the greatest common factor of j and n.
32
Let r = 471 + -130. Suppose -10*o - r = -21*o. What is the highest common divisor of 961 and o?
31
Suppose -1091 = -11*z - 19*z - 123 + 532. Let j be 2/2 - (-398)/2. Calculate the greatest common divisor of j and z.
50
Suppose -53*o = 32 - 297. Suppose -2*c = -4*r - 22, 3*c + r - 27 = c. Calculate the greatest common divisor of o and c.
1
Let w(b) = -b**2 - 3*b + 59. Let s be w(-9). Suppose 0 = 16*m - 19*m - 2*r + 53, -s*m + 5*r = -80. What is the highest common factor of m and 2?
1
Let v(w) = -2*w**3 + 197*w**2 + 11*w + 0*w**3 - 197*w**2. Let z be v(-4). What is the greatest common factor of z and 12?
12
Let g be ((-22)/(-3))/((-6)/27). Let j = -13 - g. Suppose -2*w = c - j, 8 = 5*c - c. Calculate the greatest common divisor of 99 and w.
9
Let y = -10866 + 10883. Let f = 500 + -228. Calculate the highest common divisor of f and y.
17
Suppose 4*v + 0*z - 773 = -z, -7*z = -35. Suppose -44 = 4*i - v. Let a(g) = -92*g + 1. Let b be a(-2). What is the greatest common factor of b and i?
37
Suppose 68 - 8 = 2*l. Suppose 2*q = -q + l. Suppose -22*z - 22*z = -3148 - 812. What is the greatest common divisor of q and z?
10
Let k = 389 - -18. Suppose 1659 - 1992 = -3*d. What is the greatest common factor of d and k?
37
Suppose 12*j = -0*j - 24. Let c be -2 + -3 + j + 6 + 5. Calculate the highest common divisor of 14 and c.
2
Let j be 4 - -2 - (-2*8)/(-4). Let y be 63*(-1)/j*38/(-57). Calculate the highest common factor of y and 7.
7
Suppose 43*m - 3254 - 1261 = 0. What is the greatest common factor of 280 and m?
35
Let i(r) = 1. Let u(c) = -3*c**2 + c + 87. Let z(d) = 5*i(d) + u(d). Let v be z(0). What is the highest common divisor of v and 207?
23
Let a(l) = 107*l**2 + 8*l + 13. Let w = 192 - 194. Let r be a(w). What is the highest common divisor of 17 and r?
17
Let j be 4/(2 + 6)*850. Let p be (-1 - (-2 + 4))/(51/(-425)). What is the highest common factor of j and p?
25
Let o = -2206 + 2782. Calculate the greatest common factor of o and 972.
36
Suppose -476*a + 472*a + 26 = 3*y, 4*y - 3*a - 68 = 0. What is the greatest common factor of 170 and y?
2
Suppose -5*c + a = -0*a - 1066, 864 = 4*c + 2*a. Suppose 0 = 2*k - c + 14. What is the greatest common factor of 25 and k?
25
Let o(h) = -15 - 9*h**2 + 8*h + 4 + 8*h**2. Let p be o(5). Let v be (114/4)/(3/p). What is the greatest common divisor of v and 19?
19
Let w be (1 - -17)*4/8. Let k be (w - 255/25)*-5. Calculate the highest common factor of k and 12.
6
Let y = 1545 - 1545. Let l(u) = -12*u - 1. Let i be l(-1). Let n = y + i. Calculate the highest common factor of 110 and n.
11
Suppose -12*c + 5*c + 497 = 0. Suppose 69*g - c*g + 8 = 0. What is the greatest common factor of 4 and g?
4
Let s be (45408/12298)/((-4)/(-26)). What is the greatest common factor of 6824 and s?
8
Let d(x) = 106*x**2 - 26*x - 84. Let s be d(17). What is the highest common factor of 36 and s?
12
Let h = 72 - 72. Suppose 2*o = 4*w - 362, 2*o + h = 2. Let k = w - 89. What is the highest common factor of k and 2?
2
Let g be ((-10)/15)/((-8)/972). Suppose 2*i = 5*m - 89, 0*i = 5*m + 2*i - g. What is the greatest common divisor of m and 68?
17
Let q(o) = o**3 + 9*o**2 + 13*o - 5. Let z be q(-7). Suppose 4*u + 370 = 2*d, z*d - 3*u + 93 - 465 = 0. Calculate the greatest common divisor of 27 and d.
27
Let c(a) = 19*a - 16. Let y be (-4 - -4)/(-2 + 0). Let x(p) = 2*p + 6. Let u be x(y). Let m be c(u). Calculate the greatest common factor of 14 and m.
14
Let l(f) = -136*f + 106. Let a be l(-3). Let i = a - 362. What is the greatest common factor of i and 57?
19
Suppose 3*t - 3233 = -2*v, 63*t = 58*t - 3*v + 5390. Calculate the greatest common factor of 23 and t.
23
Suppose 40*f + 45*f - 23*f = 88412. What is the highest common factor of 434 and f?
62
Suppose 3*o = -3*l + 6*o + 243, 0 = -o + 3. Let n be 8/l + 62755/147. What is the greatest common factor of n and 61?
61
Let l be 2*(9/6 + -1) + 1. Let r be ((-2)/l)/((-315)/77 - -4). Let z = 7 - -37. What is the greatest common factor of z and r?
11
Let o be 27/12*(-8)/(-6). Suppose -o*x - 92 = -4*d, x + 28 + 98 = 5*d. Let p be 28/7 + 7*5. What is the highest common factor of p and d?
13
Let y = -371 - -370. Let o(x) = -41*x - 14. Let b be o(y). What is the greatest common factor of 2 and b?
1
Let m = -31024 + 32943. What is the greatest common factor of m and 19?
19
Let c(v) = -v**3 - 51*v**2 + 33*v - 508. Let f be c(-52). Calculate the greatest common factor of 720 and f.
240
Let b be 45 + -9*(-70)/(-45). Let c = -2 - -4. Calculate the highest common divisor of c and b.
1
Let g = 16 - 1. Let t = g - 6. Suppose -376 + 952 = 16*z. Calculate the highest common factor of t and z.
9
Suppose 159 = 3*g + i, g + 30 = 4*i + 57. What is the highest common factor of 4063 and g?
17
Suppose 0 = 9*j - 104 - 346. Suppose 0 = 5*r + 71*t - 70*t - j, -2*r + 3*t + 37 = 0. What is the greatest common factor of r and 187?
11
Let d = 13272 + -13254. Let b = 60 + -12. What is the greatest common factor of d and b?
6
Let p be (-2 - 4593/(-6)) + (-45)/90. What is the highest common factor of 1744 and p?
109
Let c = -2728 - -2735. What is the greatest common divisor of c and 3241?
7
Suppose -30 + 12 = -9*m. Suppose 357 = 3*w + v, -3*v - v = m*w - 228. Calculate the highest common factor of w and 48.
24
Suppose -2*l = 6 - 4. Let c be l + (-4 - -4) + 7. Suppose c*q = 7*q - 5. What is the highest common divisor of q and 25?
5
Let r(a) = a**2 - 98*a - 2032. Let p be r(-18). Calculate the highest common divisor of 532 and p.
28
Suppose 2*r = d - 28, 140 = 5*d + 48*r - 43*r. Suppose 2*o + 211 = 715. Calculate the highest common divisor of d and o.
28
Suppose 4*s = 3*l + 19, 4*l - 22 = 3*s - 31. What is the greatest common factor of 889 and s?
7
Suppose 89*s - 8994 - 26739 = -578. Calculate the highest common divisor of s and 1738.
79
Suppose -2*j + 10*j = 40. Let o = -15 - -23. Suppose j*h - o + 3 = 0. Calculate the highest common divisor of h and 7.
1
Let d = 20 - 8. Let l be (-18)/(((-189)/(-1002))/(-21)). Suppose -l - 1872 = -19*g. Calculate the greatest common divisor of g and d.
12
Suppose 4*p = 2*p - 5*d + 460, 0 = -5*p - 3*d + 1112. Calculate the greatest common divisor of 100 and p.
20
Let o(b) = -b**3 - 32*b**2 + 30*b - 99. Let t be o(-33). Suppose t = -9*j - 16*j + 3400. What is the greatest common factor of j and 34?
34
Let t = -176 - -187. Suppose 2*c - 3*z = 35, t = -3*c + 3*z + 68. What is the highest common factor of c and 77?
11
Let j(h) = -23*h + 213. Let n be 1240/140 - 2/(-14). Let i be j(n). Calculate the greatest common factor of 9 and i.
3
Suppose -59*p + 56*p - 6 = 0. Let a be p/7 + 2061/42*4. Suppose 4*s - 164 = a. Calculate the highest common divisor of s and 10.
10
Let j = -16588 - -20988. What is the greatest common factor of j and 176?
176
Suppose -249 + 33 = -8*f + 4*x, -2*f + 54 = -4*x. Calculate the greatest common factor of f and 3753.
27
Let y(t) = 113*t**2. Let a be y(2). Let d = a - 400. Suppose -2*q + 2*b + 7 = b, -b = 5*q - 21. What is the greatest common factor of q and d?
4
Suppose -117 = q - 2. Let h = 353 + q. What is the highest common factor of 68 and h?
34
Suppose 2*s - 5*v - 19 = 0, 3*v + 33 = 124*s - 121*s. Calculate the highest common factor of 192 and s.
12
Let g(l) = -1780*l - 3351. Let h be g(-5). Calculate the highest common factor of h and 62.
31
Suppose 0 = 31*f - 2821 - 1364. Calculate the greatest common factor of f and 1200.
15
Let i = 128 - 72. Let u be ((-420)/(-200)*15)/(3/8). Calculate the greatest common factor of i and u.
28
Let l(d) = -d**2 + 6*d + 8. Let a be l(7). Let h be 4/a*(2 + 3). Suppose -11014 = -122*q + 10946. What is the highest common divisor of h and q?
20
Let x = 44 - 25. Suppose -g + x + 19 = 0. Let c be (-3)/(-1 + g/41). What is the highest common divisor of 41 and c?
41
Suppose 1139 = 5*g + o, 999*g = 1003*g + 3*o - 909. What is the greatest common factor of 204 and g?
12
Suppose 42*o - 247 = 299. Suppose 188 + 1411 = o*r. Let j be 4*41*(-3)/(-6). Calculate the greatest common factor of r and j.
41
Suppose -3*y + 117 = -5*h, -95 = -5*y + h + 78. Suppose -3*t + 421 = y. L